1*8/(-12)). Suppose 2*a - i = k*a - 2, -i + 4 = 3*a. Give y(a).
6
Let a(r) = -46*r**3 - r**2 + 1. Let d be -2 - 10/10*-1. Determine a(d).
46
Let u(s) = 4*s**2 - 6*s. Let n(f) = 7*f**2 - 11*f - 1. Let d(i) = -3*n(i) + 5*u(i). Suppose 68 = 4*p - 0*p. Suppose 5 = -2*t + p. Determine d(t).
-15
Let i(j) = 22*j + 89. Let l(u) = 12*u + 45. Let m(x) = -4*i(x) + 7*l(x). What is m(-9)?
-5
Let d(n) = n + 2. Let x be d(13). Let t(z) = -3*z + 40. Let w be t(x). Let g(u) = u + 5. Determine g(w).
0
Suppose -4*g + 2*j - 22 = 0, -31*g + 34*g - 1 = -2*j. Let s(u) = -16*u - 36. Let x(a) = -3*a - 7. Let m(y) = 2*s(y) - 11*x(y). Determine m(g).
2
Let a(q) = -q**3 + 4*q + 2. Let f be a(-2). Let h(p) be the third derivative of 0*p - 1/12*p**4 - 11*p**f + 0 + 5/6*p**3. What is h(4)?
-3
Let b(d) = d**2 - 6*d - 1. Let p = -11 + 17. Suppose p*g - 57 = g + 4*q, -2*g = -q - 24. Let r = g - 8. Determine b(r).
-6
Let k(h) = 7 + 0*h + 2 + 3*h. Let f(y) be the third derivative of y**6/120 + y**5/12 + y**4/24 - y**3/6 + 4*y**2. Let v be f(-5). Determine k(v).
-9
Let q = -7 - -20. Let u(g) = -4*g**2 - 5*g + q + 5*g**2 - 7. Determine u(4).
2
Let l(c) = c**2 - c. Let n(k) = 5*k**2 - 2*k - 6. Let i(u) = 6*l(u) - n(u). Suppose -p - 2 = 5*x + 2, 14 = -p + 5*x. Let v = -5 - p. What is i(v)?
6
Let l(t) = -t**3 + 2*t**2 + 3*t + 1. Let q be l(3). Let z(n) = 24*n - 19*n - q + 0. Calculate z(2).
9
Let n(s) = -s**2 + 2*s - 2. Let q = -78 - -80. Let z(c) = -2*c + 5 + 3*c**2 - 2*c - 3*c. Let m(j) = q*z(j) + 7*n(j). Give m(0).
-4
Let t(w) = w**3 - 9*w**2 - w + 12. Suppose 7*j = -j + 8. Let i be (3*-1)/(12/18 - j). What is t(i)?
3
Let q(r) = 8*r + 2. Suppose 0 = -3*f + 3, 0 = -5*j + 2*f + 3. Give q(j).
10
Let o(h) = -h - 4 + 5 - 3*h**2 - 2*h**2. Let c = 32 + -31. What is o(c)?
-5
Let m(t) = -t**2 + 8*t - 10. Let i be -1*(5/(-2) + 95/(-38)). What is m(i)?
5
Suppose -14 = -4*c + 2*c. Let x(j) be the first derivative of -1/3*j**3 + 3*j**2 + 0*j + 31. Calculate x(c).
-7
Let m(s) = 3*s**2 + 8*s + 6. Let n be m(-5). Let p(y) = -n + 16 + 27 + 4*y - 5*y. Let b be -2 + (-3)/(6/(-10)). Determine p(b).
-1
Let n be (-36)/15 + (-6)/10. Let f be (0/(-3) - n) + -1. Let c(i) = 0*i**2 + 13*i**3 + 0*i**f + i + 0*i**3 + 1. Calculate c(-1).
-13
Let v = -164 - -171. Let s(d) = d**3 - 8*d**2 + 7*d + 2. What is s(v)?
2
Suppose 15*w = -t + 20*w + 8, 5*t = -3*w - 16. Let o(y) be the third derivative of -y**6/120 - y**5/30 - y**4/24 + y**3/6 + y**2. Calculate o(t).
3
Let a(g) be the second derivative of g**7/840 + g**6/360 - g**4/24 + 11*g**3/6 + g**2 - g + 6. Let o(p) be the second derivative of a(p). Determine o(1).
1
Let p(v) = -4*v - 1. Let n = 265 - 153. Suppose 7*o - 3*o + n = 0. Let a = o + 29. What is p(a)?
-5
Let x(d) = -2 + d**2 + 0*d**3 - 2 - d + 2 + 4*d**3. Let n(s) = -s**3 + s**2 + s. Let m(o) = -n(o) - x(o). Suppose 12 = 24*r - 30*r. What is m(r)?
18
Let t be 254 - 5/((-5)/(-3)). Let j(b) = 251 + 3*b - t. Suppose 0 = -7*l + 4*l - 3*r + 3, 11 = 3*l - 5*r. Calculate j(l).
6
Let z(l) be the first derivative of -l**4/2 + l**3/3 - l**2 - 724. Determine z(-2).
24
Let h = 1210 - 1200. Let y(q) = -q**3 + 11*q**2 - 10*q + 12. Give y(h).
12
Let y be -1*1 - (6 - 10). Let s(v) = -19*v**3 + 3 - 2*v + 20*v**y + 0. What is s(-3)?
-18
Let w(i) = -1 - 6364*i**2 + 5*i + 10 - 6371*i**2 + 12736*i**2. Give w(-5).
9
Let k(u) = -2*u - 14. Let n(d) = -d**3 + 4*d**2 + 2*d - 3. Let x be n(4). Let a(l) = -l - 9. Let y(t) = x*k(t) - 8*a(t). Determine y(-5).
12
Let p be 1 - 3*4/12. Let i be 6 - p/((-9)/3). Let d(a) = -2*a + 5. Calculate d(i).
-7
Let c(z) = -17*z**3 + 5*z**2 + 8*z - 18. Let w(k) = -12*k**3 + 3*k**2 + 5*k - 12. Let n(v) = 5*c(v) - 7*w(v). Give n(5).
-6
Let o(y) be the first derivative of 3*y**2/2 + 11. Suppose 59 = -0*h - 4*h + t, 0 = -h + 3*t - 12. Let x = h - -13. What is o(x)?
-6
Let w(j) = j**2 - 7*j - 1. Let i(m) = m**2 - 9*m - 4. Let u(q) = 3*i(q) - 2*w(q). Determine u(13).
-10
Let t(r) = -3*r**2 + 31*r**2 - 19*r**2 - 18*r**2. Give t(1).
-9
Let q(a) be the second derivative of -5/3*a**3 - a + 0 + 1/2*a**2. Suppose 3*w + 5*v = 9*v + 5, 6 = -3*v. What is q(w)?
11
Let l(i) = i**2 + 7*i + 6. Suppose 2*w = 3*n - 70, -7*n = -3*n - 2*w - 90. Suppose 15*a = n*a + 25. Determine l(a).
-4
Let v(h) be the first derivative of 3*h**2/2 + 4*h + 3. Let c be v(0). Let g(b) = b**3 - 3*b**2 - 3*b. Determine g(c).
4
Let r(k) = k**3 + 8*k**2 + 5*k + 1. Suppose 4*h - 83 = -h - 4*a, -3*h - 3*a + 51 = 0. Let t = h + -22. What is r(t)?
15
Suppose -3*g - z = -32, 3*g - 5*z - 46 = -8. Let j(h) = h**2 - 12*h - 5. What is j(g)?
-16
Let y(r) be the third derivative of -r**8/20160 - r**7/630 - r**6/90 + 2*r**5/15 - 18*r**2. Let s(u) be the third derivative of y(u). What is s(-6)?
4
Let j(m) = 3*m + 1. Let g(y) = 6*y + 3. Let c(b) = -3*g(b) + 5*j(b). Let w = -1 - -3. Suppose -o + x + 2 = 0, 2*o + w*x - 9 = 5*x. Determine c(o).
5
Let t(m) = m - 8. Let v be t(12). Suppose v*q + 7*p - 45 = 4*p, -6 = -q + p. Let j(s) = s - 3. Calculate j(q).
6
Let d(x) = -x + 1. Let a(s) = -10*s + 10. Let v(c) = a(c) - 12*d(c). Calculate v(4).
6
Let z(a) = -a + 4. Let m(g) = g**3 + 7*g**2 + 12. Let b be m(-7). Suppose -16*x + 20 = -b*x. Calculate z(x).
-1
Let u(t) be the second derivative of 0 - 21*t + 1/2*t**2 - 1/20*t**5 - 1/12*t**4 + 0*t**3. What is u(-1)?
1
Let x(a) = 5*a**3 + 5*a**2 - 2*a + 5. Let z(m) = 27*m**3 + 25*m**2 - 12*m + 23. Let w(o) = 11*x(o) - 2*z(o). What is w(-5)?
-1
Let v(q) = -q + 4. Let m be v(-6). Let h(i) = -15*i**3 - 2*i**2 - i. Let z be h(-1). Let l = m - z. Let t(n) = n + 4. Calculate t(l).
0
Let y(j) = j**3 + 13*j**2 - j + 11. Let a = 1633 + -1646. Determine y(a).
24
Suppose -4*g = -4*u + 4, -u + 2*g = -g + 1. Let n(p) = -22 + 22 - u*p. What is n(-6)?
12
Let s(l) = l**3 - l**2 + 1. Let u = -26 - -27. Let p(d) = d**3 + 3*d**2 + 6*d - 2. Let n(w) = u*p(w) - 2*s(w). What is n(6)?
-4
Let f(o) = -o + 3. Let u = -889 + 895. Determine f(u).
-3
Let k(n) = -n**2 + 2*n + 6. Let c be 21/(-6) - 9/(-6). Let z be (-6)/c*39/(-9). Let l = -8 - z. Determine k(l).
-9
Let v be 3 + (-78)/24 - 156/(-48). Let y(z) be the second derivative of z**5/20 + z**3/3 - 2*z. Give y(v).
33
Let j(s) = -13*s**3 - 20*s**2 + 15*s - 21. Let x(p) = -3*p**3 - 5*p**2 + 4*p - 5. Let a(y) = -2*j(y) + 9*x(y). Determine a(-6).
-3
Suppose -2*w + p = -4*w + 16, -2 = -p. Let u(s) = s**3 - 6*s**2 - 7*s + 3. Determine u(w).
3
Let b(x) = -x. Let r(f) = 8*f. Let v(p) = 6*b(p) + r(p). What is v(-2)?
-4
Suppose 3*x - 6*a + 5*a - 7 = 0, -2*x + 2*a = -6. Let j(w) = 0*w**2 - w - 4*w**2 + x*w + 9 + 3*w**2. Give j(0).
9
Let x = 10 + -11. Let k(p) be the third derivative of -p**9/15120 - p**6/720 + 3*p**5/20 + 5*p**2. Let y(h) be the third derivative of k(h). Calculate y(x).
3
Suppose 0 = -119*p + 127*p - 40. Let z(r) = 2*r**2 + 5*r - 6. Give z(p).
69
Let i(v) = -2*v + 3*v + 2*v - 6. Suppose -14*s + 164 = 27*s. What is i(s)?
6
Let v be 10/(-25) + (-74)/(-10). Let n(l) = 2*l**2 - 4*l**3 + 3*l**2 + 3*l**3 - v + 2*l. Calculate n(5).
3
Let r(h) be the first derivative of h**4/4 + 2*h**3 + h**2/2 - 4*h + 33. Calculate r(-6).
-10
Let l(p) be the second derivative of 7*p**4/24 - 10*p**2 + 37*p. Let a(g) be the first derivative of l(g). Determine a(1).
7
Let z(o) be the second derivative of o**4/12 - 3*o**3/2 + 5*o**2 - 11*o. Suppose 2*q = 11 + 3. Give z(q).
-4
Let x(g) = -g**2 - 46*g - 23. Let i(u) = -u**2 - 41*u - 22. Let j(q) = -6*i(q) + 5*x(q). Determine j(-15).
2
Let k(i) = -17*i**2 - i + 3*i - 2 + 34*i**2 - 16*i**2. Give k(-4).
6
Let a be ((-696)/(-60) - 12) + (-6)/(-15). Let v(m) = m**3 + m**2 + m + 3. Determine v(a).
3
Suppose 3*p - 4*d = -16, 0 = -p - 3*d - 3 + 2. Let y(l) = -l. Let x(s) = -4 + 0 - 3 + 6. Let b(c) = -x(c) - y(c). Give b(p).
-3
Let g(m) = 20*m**2 + 4*m - 10. Let y = 3 - 8. Let p(o) = -13*o**2 - 3*o + 7. Let i(k) = y*g(k) - 7*p(k). Give i(-1).
-9
Let b(r) = -11*r - 38. Let d(p) = 4*p + 13. Let o(f) = 6*b(f) + 17*d(f). Let v = -14 - -20. What is o(v)?
5
Let y(a) = -a**2 - 3*a + 0*a**2 - 4*a. Suppose 3 - 18 = -3*c. Suppose -2 = b + c. Determine y(b).
0
Let z(w) = -w**2 + 6*w - 4. Let d = 27 - 36. Let x = 14 + d. Determine z(x).
1
Suppose q - 23 = -9. Suppose 0*x - 7*x = -q. Let w(u) = -15 + u**x - 12 + 26. Determine w(-2).
3
Let x(v) = -v**3 + 15*v**2 - 15*v + 11. Suppose 96 = 